0135 = -3*f. Suppose g = -4*x + 6762, -2*g + g + m = 3*x. Let p = x + -963. Is p a composite number?
False
Let c(d) = 3*d**3 - 25*d**2 + 8*d - 37. Let t(u) = -2*u + 12 - u**2 - 37 + 2*u**3 + 7*u - 16*u**2. Let a(g) = 5*c(g) - 7*t(g). Is a(12) a prime number?
False
Suppose -3*q + 277075 + 135770 = 0. Suppose 17*s = 34*s - q. Is s a composite number?
True
Let d = 9473 - 3736. Is d a composite number?
False
Let m = 1059950 + -502317. Is m a prime number?
True
Suppose k + 3*b + 1653 - 6358 = 0, -2*b = -5*k + 23457. Suppose 1189 = 2*h + k. Let z = 3511 + h. Is z prime?
True
Suppose 6*w + 1 = 1369. Suppose -8*p = -520 - 400. Let d = w - p. Is d composite?
False
Let g(o) = -6651*o + 1786. Is g(-33) a composite number?
True
Let o(q) = 14*q + 178927. Is o(0) a prime number?
False
Let w(r) = 332*r + 179. Let q be (-1)/(-3*1/21). Is w(q) a composite number?
False
Suppose g - 207 = 4*h, -4*g - h + 903 = -2*h. Suppose -g = -5*f + j, 2*j + 2*j + 233 = 5*f. Let q = 128 - f. Is q prime?
True
Suppose -18014 - 122955 = -2*d + h, 70446 = d + 5*h. Is d composite?
False
Suppose 0*u + u + 5*b - 8 = 0, 0 = -4*u + b + 11. Suppose 0 = 2*k - u*y - 14218, 7115 = k - 4*y + y. Is k a prime number?
True
Let z(m) = -676*m**3 + 27*m**2 + 105*m - 5. Is z(-12) a composite number?
False
Suppose -22487 = -4*r - 2327. Suppose 4*a - 2*a + r = 0. Is a/(-5) + -1*2 prime?
False
Let u be (-13 + 11)*(-32 - -1). Let i = -57 + u. Let g = 26 - i. Is g prime?
False
Let c(r) = 70 - 142 - 13*r + 69 + 23*r**2. Let d be c(6). Suppose 1361 = 4*k - d. Is k a composite number?
True
Let f = -187 + 188. Is 14242 + -1 - (-5 + f)/(-2) prime?
False
Suppose 0 = -2*h + 3*d + 3, 3*d + 3 = h + 4*h. Suppose -4*s + 2*l - 2 = h, -14 = s - 3*s - 4*l. Is 1286 + 0 + s - 2 a prime number?
False
Is 233829967/6853 - 4/22*-1 prime?
False
Suppose 73*r - 3418533 = 64*r. Is r a prime number?
True
Let m = -86059 + 173474. Is m prime?
False
Let w(s) = -s**3 + 5*s**2 + 6*s + 5. Let y be w(6). Is -5 - ((-15)/y - 489) a prime number?
True
Let s(k) = -k**3 - 7*k**2 + 9*k + 8. Suppose -n = 3 + 5. Let d be s(n). Is 3/6*((2 - d) + 2760) prime?
True
Let c = -25 + 33. Suppose c*s = 62736 + 15712. Suppose 6*m - 5380 = s. Is m composite?
False
Suppose 0 = -601*k + 599*k + 59026. Is k composite?
True
Suppose -678*l - 5*c - 1511865 = -683*l, 4 = -c. Is l a composite number?
True
Suppose 5*j - 3*n - 81 = 0, -3*n + 11 = 2. Is 17 - j - 899/(-1) prime?
False
Let r be 22/8 + (-30)/40. Suppose r*j - 3*j + 4421 = 0. Is j a prime number?
True
Suppose 0 = -143*u - 189*u + 34705246 - 3320954. Is u composite?
False
Let q = -2050 + 10937. Is q composite?
False
Suppose -35*l + 49*l = -7000. Let x = 1173 - l. Is x composite?
True
Let j be 2/(44/2442*(-3)/(-37)). Is j + 1*(-64)/8 prime?
True
Suppose 5*z + 707 = c - 2352, -2*z + 3024 = c. Is c - 10*(-5)/10 composite?
True
Suppose 12275589 = 112*y + 5915205 - 11919920. Is y prime?
False
Suppose 0*q - 3*x - 22 = 4*q, 2*x - 16 = 5*q. Let n(r) = -239*r**3 - 2*r**2 + 2*r - 11. Is n(q) a composite number?
True
Suppose -22*p = -20*p. Suppose -2*l - l + 15 = p. Suppose -4*m - l*c = -1603, -107 - 1469 = -4*m + 4*c. Is m a composite number?
False
Let t = -62 + 62. Let y be t - 14/49 - (-19)/(-7). Is (-4 - y)/((-1)/191) a prime number?
True
Let n(u) = -4*u**2 - 7*u - 4. Let q be n(-2). Let d(o) = 33*o + 30. Let r be d(q). Let m = r + 373. Is m prime?
False
Suppose 0 = 3*u + 6 - 12. Let k be (4/u)/8 - (-1205)/(-4). Let h = k + 450. Is h prime?
True
Let k(w) = -9515*w + 244. Is k(-3) a prime number?
True
Let i = 12690 - -3470. Let u = i + -7629. Is u a composite number?
True
Let x(a) = 928*a**3 - 46*a**2 + 249*a - 6. Is x(5) a prime number?
True
Suppose -v + 5*w = -7 + 2, 21 = v + 3*w. Suppose -5*p - v = 0, 0*b - b = 3*p - 4212. Suppose -3*l = 3*t - b, 3*l - 1399 = -t + 6*l. Is t a composite number?
True
Suppose 39*t - 1205 = 38*t + 3*s, -2*s - 8 = 0. Is t a composite number?
False
Let t = -72 + 75. Suppose t*c = 3*p + 3233 + 8137, 0 = -4*c + p + 15169. Is c a composite number?
False
Suppose -5*f = -1 - 9. Suppose f*h = 3*h - 4*o - 3845, 0 = -2*h - o + 7654. Suppose 4*j = 487 + h. Is j a prime number?
False
Suppose b = y - 8146, 2*b = 4*y - 8167 - 24421. Suppose 0 = 2*q + 5*n - 7261, 0 = -5*q - 4*n + 10047 + y. Is q prime?
True
Let l(i) be the third derivative of i**5/12 - 3*i**4/4 - 37*i**3/6 + 13*i**2 + 2. Is l(18) prime?
True
Is 53478/10 + 114/(-475)*-5 composite?
True
Let b = 83 - 73. Let c be (-6)/b - 1098318/(-30). Is -2 + (c/(-5))/(-2) composite?
False
Suppose -5*x + 1116603 = -x + 5*x. Is x composite?
False
Suppose 3*z = -t - 0 - 8, 0 = -5*z + t. Is 0 - (z + -3829 - (13 + -10)) composite?
False
Let q = 26565 - 18329. Suppose -5*h + q = -h. Suppose -3*o + 6*o = -2*u + h, -u = 4*o - 2737. Is o a prime number?
True
Let a be 662/(((-33)/6)/(-11)). Suppose 4*h = 2*j - 3370, j - 385 = -4*h + a. Is j composite?
False
Suppose 0 = -3*q - b + 874132, -616298 = -3*q - 3*b + 257836. Is q a composite number?
False
Let l(g) = g**2 - 8*g. Let a be l(19). Let k be a/66 + (-2)/12. Suppose -2*b = -0*b - 2, -i = -k*b - 334. Is i composite?
False
Let j(q) be the third derivative of q**6/20 + q**5/12 + q**4/4 - 7*q**3/6 + 54*q**2. Is j(5) prime?
False
Let g(l) = 13*l**2 + 3*l + 5. Let h = -2 + 5. Let v be g(h). Let x = v + 720. Is x a composite number?
True
Let q(y) = 20*y**3 + 21*y**2 + 104*y - 94. Is q(29) a composite number?
False
Let h = -6944 + 10613. Let v = h + -1696. Is v prime?
True
Let l(y) be the third derivative of 7*y**6/60 + y**5/30 + y**4/12 + y**3/6 - 21*y**2. Let u be l(-1). Is (-2)/(-4)*(-9854)/u composite?
False
Suppose -4*w + 9*r - 12*r - 9573 = 0, 4*w - r = -9561. Let v = w - -4104. Is v a composite number?
True
Let y(i) = 779*i - 277. Let l(h) = 778*h - 277. Let m(p) = 4*l(p) - 3*y(p). Is m(6) composite?
False
Suppose -4*y = 8, 4*y + y + 4 = -m. Suppose -m*x + x = 690. Let h = x + 217. Is h composite?
False
Suppose -r + 24 = 4*p - 5, 0 = -5*p + 4*r + 10. Let m(n) = 3*n**3 + 11*n**2 + 14. Let w(o) = -2*o**3 - 11*o**2 - 13. Let q(v) = p*m(v) + 7*w(v). Is q(8) prime?
False
Let d = 648 - 559. Let s = d + 866. Is s composite?
True
Let r = -13211 + 22088. Let o = r - 2551. Is o prime?
False
Suppose 48 = p + 15*p. Is (2 + -5)/p + -2 - -1022 a prime number?
True
Suppose -6115012 = 8*x + 1677138 - 39833102. Is x a composite number?
False
Let j(y) = 20*y**3 - 39*y**2 + 6*y - 8. Is j(17) a prime number?
True
Suppose -3814452 + 1020348 = -41*k + 3061885. Is k a composite number?
True
Is (-43707)/(-3)*((-32)/8 - -5) a composite number?
True
Suppose -7*u - 15*u + 244075 = -274179. Is u a prime number?
True
Suppose -5*t = 3 - 3. Suppose t = 5*j + 1847 - 97. Let g = 715 + j. Is g a composite number?
True
Is (-2184510)/(-38) + (-94)/893 a prime number?
True
Let v(z) = z**3 - 12*z**2 - 19*z + 12. Let p be v(16). Suppose -2*x - 162 + p = -y, 0 = -2*x - 5*y + 594. Is x a composite number?
True
Is (1 - -7) + (146999 - (-31)/((-279)/(-108))) a prime number?
False
Let h be (3 + -2 - 160)*9. Let z = 21172 - h. Is z a prime number?
False
Suppose 0 = -292*z + 70783195 + 14149677. Is z a prime number?
False
Suppose 5*g - 5*c + 265 = 0, -5*c - 238 = 4*g - 8. Let a be ((-160)/6)/4*66/g. Is (3518/a)/((-4)/(-16)) prime?
True
Let w(b) = 129*b**2 + 14*b + 54. Let t be w(-4). Is (t/(-6))/(-1 + (-6)/(-9)) composite?
False
Let i = 17 - 14. Suppose 63 = 8*p - i*p - 3*b, -4*p + 4*b = -44. Is (-194 - 0)*p/(-6) prime?
False
Suppose -5*f + 464 - 144914 = -u, 5*u = 4*f + 722334. Suppose 5*v - u = -5*v. Is v a prime number?
True
Suppose -f = 3*j - 5438, 2*j - 5*j + 5446 = -f. Suppose 1 + 11 = 3*w. Suppose -6*i = -w*i - j. Is i composite?
False
Let j(t) = 10*t + 91. Let h be j(-5). Suppose -49*v = -h*v - 244072. Is v prime?
True
Suppose 13*t + 9931 = 47202. Let i = t + -1230. Is i a composite number?
False
Let l be 8991/6 - (-4 - (-20)/8). Let x(t) = 3*t**3 - t + 1. Let c be x(1). Suppose 4*g - 1202 = 3*w - w, c*w + l = 5*g. Is g a prime number?
False
Suppose -93*f + 718851 = -72*f. Is f a prime number?
True
Let n be (-25)/3 + (-2)/(-6). Let m = 1013 - 1015. Is 12/n + (-29)/m prime?
True
Let d(j) = -1484*j + 1755. Is d(-16) a composite number?
True
Suppose -37365 = -v - 2*a + 34770, -3*v - 4*a = -216413. Is v prime?
False
Suppose 6*q - 2*q 